 -15)) + -11.
14
4 + (-5 - -4) + -5 + 5 - 20
-17
Evaluate -19 + 23 + 14 + -6.
12
Evaluate -2 - (9 + (12 - 29)).
6
Calculate -10 - ((-33 - -20) + 0).
3
Calculate 2 + -17 + 0 - -14.
-1
-4 + 0 + 7 + -4 + -5 + 3
-3
(-3 - (-3 + (-3 - 4))) + -188 + 187
6
What is 9 + -4 - (1 + 11) - -7?
0
What is (43 - 1) + (-77 - (-8 - 55))?
28
Evaluate -31 + 8 - -32 - 29.
-20
What is -3 + (-9 - (-20 - (8 + -5))) + -20?
-9
Calculate 30 + (-5 - 15) - (1 + -5).
14
Evaluate -4 - -9 - (9 + -22 + -4).
22
Evaluate 15 - (7 - 3) - 16.
-5
What is -24 + (-16 - -1) + (-25 - -34)?
-30
What is the value of 12 + (5 - -36) - 28?
25
-14 + (20 - (25 + 3))
-22
What is 65 - (-9 - -49 - 5)?
30
Evaluate 450 + -469 + (5 - 1).
-15
Calculate (5 + -7 - (-8 - -15)) + 13 + 0.
4
-11 + 8 + 11 - -7
15
What is 12 + -18 + -24 - (-17 + 1)?
-14
Evaluate -65 - (-2 - 12) - -35.
-16
Calculate (5 - (-29 - -50)) + 12 + 0 + 38.
34
182 + -208 + (2 - 3) + 12
-15
-6 - (-21 + -32 + 62)
-15
What is the value of 1 + 1 - (46 - (98 - 37)) - -3?
20
(3 + 7 - 5) + -9
-4
Calculate 3 - ((-4 - -2 - (-13 - -2)) + -1).
-5
Evaluate 11 + 1 + (-30 - (-32 + 1)).
13
(-8 + 8 - 1) + (0 - 3) + -11
-15
What is (-50 - -58 - (0 + -2)) + -29?
-19
Calculate (-78 - -55 - -38) + 2 + -2.
15
What is the value of -5 - (28 + 4) - -36?
-1
What is the value of (1 - 20) + -8 + -9 + 8 + 10?
-18
What is 13 + -17 + (0 - (-11 + 7))?
0
What is the value of 1 - -14 - (-9 + (-11 - -4) + 12)?
19
Calculate -5 + 9 - (7 - 2 - (-4 - 6)).
-11
Evaluate (-9 - 37 - -15) + 17.
-14
What is the value of (-5 + -3 - -17) + -16?
-7
Calculate 12 + -4 + 3 + -19.
-8
Evaluate 44 - (-17 + (81 - 1)).
-19
Calculate (-4 - -10 - 4) + (6 - 0).
8
659 + -622 - (1 + 43)
-7
Evaluate 1 + -3 - (-3 + (-22 - 1) + 30).
-6
What is 8 + (42 - 54 - (7 - 2))?
-9
What is -23 + 35 + -70 + 37?
-21
-13 + 31 + (-21 - 19)
-22
(20 + -4 - (43 + 1)) + -1 + 5
-24
Evaluate -4 - (0 + 7 + 3) - -8.
-6
Evaluate 3 + (2 - (-6 + -1 - (-18 - -12))).
6
What is the value of (5 - 50) + 20 + 15?
-10
What is -8 + 2 + -17 - (1 + -5)?
-19
Calculate 34 - (-8 + 33 - -3).
6
Evaluate -3 + -1 + (-1 - (-3 - -4 - -21)).
-27
What is 29 - 3 - (8 + (-2 - -7))?
13
Evaluate 0 + (-14 + 31 - 30).
-13
What is -25 - -21 - ((-20 - (7 + -3)) + -3)?
23
What is 2 - -24 - (-157 + 191)?
-8
What is 6 - (-12 + (-8 - (-6 - 2)))?
18
Calculate 3 + 3 + 13 + -25 + -4.
-10
What is 5 - (-1 + 11 + -13 + -6)?
14
(49 - 49) + (0 - 6)
-6
Evaluate -16 + 19 + (-4 - (2 - 6) - -12).
15
Calculate -53 + (-8 + 15 - 1) + 4 + 10.
-33
Evaluate 9 + (11 - 26) + (-2 - 6).
-14
Calculate -5 + -2 + 20 + -17 - (0 - -18).
-22
What is the value of 0 - (1 + -8 - -11) - -11 - -11?
18
Evaluate 18 + -32 - -34 - 28.
-8
Evaluate 151 + -152 + (1 - -1) + -2.
-1
What is the value of 9 - (-16 - -8) - 13?
4
What is (2 - -1) + -5 - ((18 - -15) + -10)?
-25
Evaluate (15 - (8 + -6)) + -1 + -3.
9
Calculate -2 - (-4 + (-7 + 24 - -1)).
-16
What is 1 + -2 - ((-13 - -6) + 5 + 4)?
-3
What is the value of (-21 - (6 - 4)) + (-9 - (-28 - -11))?
-15
What is the value of -13 - -2 - (-7 + (5 - 3) + -42)?
36
Evaluate 102 + -128 + (-1 - -2) + 2.
-23
Evaluate (3 + 8 + -10 - 0) + (-3 - -27).
25
4 + 4 + -7 + -1 - (4 + -8)
4
17 - ((-1 - -20) + 1)
-3
What is (-9 - 17) + 16 + (0 - -5)?
-5
What is the value of -28 - (2 - 15 - -5 - 2)?
-18
What is the value of (-37 - (-111 - -30)) + -14?
30
What is the value of 11 + (-6 - 5) + -16?
-16
What is 272 - 263 - (1 + -2 - 4)?
14
Calculate 11 - (0 + (26 - 2)).
-13
0 + -6 - (129 - 123)
-12
What is the value of -21 + 14 - (11 - -3)?
-21
Calculate 0 - 5 - (-175 - -164).
6
Calculate 24 - (-16 + 29) - 2.
9
What is (4 + (1 - 7) - 6) + -4?
-12
(83 - 92) + (7 - (0 + 0))
-2
What is 1 + -7 + 1 + -5 + 4?
-6
219 + -230 - (-1 - -10)
-20
Calculate 11 + -7 + (16 - 15).
5
Calculate -5 + -41 + 43 + (-1 - -6).
2
What is (-7 - (1 - 7)) + 5 - (16 + -1)?
-11
(1 - -35) + -32 + 8 + 21 + -5
28
What is 1 + -6 + (6 - -8) + 5?
14
Evaluate (15 - 5) + -17 + 0 + -5 - 10.
-22
What is the value of 22 - (17 - (17 + -25))?
-3
What is the value of 6 - (-6 + 0 + 2 + (-29 - -34))?
5
Evaluate (-236 - -226) + (18 - 2).
6
8 + 9 + (15 - (0 + 12))
20
What is the value of (33 - 29 - -14) + -28?
-10
-4 - (-2 + -17 + (-4 - -7) + 0)
12
What is the value of 14 - -1 - (-1508 - -1529)?
-6
What is the value of 37 - (34 + -22 - -15)?
10
Evaluate (3 - 5 - 7) + (-1 - -1) + 0.
-9
-7 + (5 - (-1 + -5) - 1)
3
Evaluate -32 + -4 + 2 + 32.
-2
(4 - -1) + -9 + (7 - -5) + -9
-1
What is the value of 24 + 5 + -1 - 12 - -9?
25
What is 18 + 19 + -21 + -21?
-5
What is the value of 1 + (4 - 2) + (3 - -1)?
7
What is 4 - (-2 + (-2 - -19)) - (284 - 292)?
-3
Evaluate 6 - 12 - -15 - (-2 + 21).
-10
-9 - 7 - ((-10 - 4) + -29)
27
What is 4 + (-4 - -14) + -16?
-2
Evaluate -11 - (6 + (2 - 3) + -93 + 82).
-5
What is (-8 - -1 - -27 - 10) + -5?
5
Evaluate (11 - 11) + 13 + -49 + 15.
-21
Calculate 28 - (15 + -14) - (9 + 0 + 2).
16
Evaluate (-7 - (14 + (-8 - -8 - 6))) + 8.
-7
What is -14 + 35 - (100 - 97)?
18
What is (-9 + 0 - -23) + -6?
8
What is -30 + -8 + (-12 - -37)?
-13
Calculate (329 - 271) + -33 + -1.
24
What is the value of 37 + -46 - (-1 - 18 - 2)?
12
What is the value of -9 + 25 + -17 + (20 - 2)?
17
Evaluate (9 + 1 - -9 - -11) + (-5 - -4).
29
Calculate (8 + -11 + 6 - 5 - 2) + 5.
1
14 - ((-4 - 3) + -6 + 19 + -10)
18
What is the value of (-58 - (-9 - 39)) + (-4 + 1 - -33)?
20
What is -9 + (3 - (-1 - -5)) + 7?
-3
Calculate (35 - 13) + -14 - 10.
-2
What is the value of 0 + 1 + -15 + -5 + (19 - 8)?
-8
Evaluate -71 + (27 - -21) + -1.
-24
Calculate 1 - (1 + 2) - -8 - (-119 - -115).
10
What is the value of (-24 - (4 - -6)) + (21 - 10)?
-23
Evaluate 51 - 16 - 31 - -1.
5
Evaluate 380 - 390 - (2 + 1).
-13
Calculate 0 - ((13 - 19) + 16).
-10
-26 + 2 - 1 - (-24 + 18)
-19
(-10 - -8 - 6) + 8 + -1
-1
Evaluate 0 + 13 - -1 - (2 + 6).
6
What is the value of -11 - (-12 - (-6 + 1))?
-4
8 + -2 + -2 + 13 + 2
19
What is the value of 2 + -1 + -4 + 7 + -2 + -5?
-3
Evaluate 8 - -7 - (-2 - (5 - 21)).
1
What is the value of -59 - -62 - ((-3 - -13) + -1)?
-6
What is 9 + (-3 - (-9 + -3)) + -21?
-3
What is the value of -2 - 6 - ((-26 - -25) + -3) - -7?
3
What is the value of (21 + 0 - 3) + -3 - (172 - 173)?
16
4 - (-6 + 8 + 7 - 7)
2
Evaluate (7 - (8 + 3) - 2) + (0 - -28).
22
(5 - -1) + -262 + 267
11
Calculate (-44 - -37) + (2 + -4 - -3).
-6
What is the value of 54 - (-56 + 120) - (2 - -12)?
-24
-10 - (-7 + 0 - (1 + -1))
-3
What is (0 - -7) + (-21 - -39) + -27?
-2
Calculate -7 + (2 - (0 + 2)) + -106 + 134.
21
What is the value of 0 - (-22 - -4) - 6?
12
Evaluate -6 + 1 - ((-14 - -11) + -18).
16
Calculate (-1 - -8) + 0 + -20.
-13
What is 21 + -6 + (-7 - -9) + -8?
9
Calculate (7 - (15 + -5 + 6)) + (3 - 0).
-6
What is the value of 2 + 4 + -8 + 23 + -10?
11
Evaluate 0 - -29 - (14 - (-15 + (-20 - -44))).
24
Evaluate 7 + -2 + (-4 - -18 - 8).
11
Evaluate -28 + (14 - (-62 - -28)).
20
What is 35 + -15 + -1 - (3 + -14)?
30
Evaluate -6 + (0 - 1) - (21 + -27 - -11).
-12
(6 - 6) + -2 + -1 + 7
4
Calculate 48 - 31 - (0 + 2 - (-3 - 0)).
12
-21 - (-9 - (13 + -5))
-4
What is 693 - 663 - (57 - 0)?
-27
What is 13 + -17 + -1 + -2 + 21?
14
Evaluate 2 - 3 - 24 - (-35 - (-7 - 23)).
-20
What is the value of -91 + 107 + -19 + 0 + 8?
5
Calculate (14 + 50 - 18) + -21.
25
Calculate -3 + 22 + -7 - 1.
11
-509 + 507 - (-6 - -1)
3
What is the value of -5 + (-30 - -18 - -9) + 30 + 0?
22
Evaluate (15 - 2 - 26) + 1.
-12
Calculate -22 + 74 + -49 + (-2 - -9 - -2).
12
What is the value of 7 + 2 - (27 - (20 + 17))?
19
What is the value of 65 + -32 + 13 + -80?
-34
Evaluate 6 + (-3 - (-8 - -5)) + -4 + 7.
9
-1 - (2 + 3) - (-80 + 50)
24
Calculate 15 + -30 + 7 + 19 + (-1 - -20).
30
Evaluate 46 + 24 + -32 - 20.
18
What is 13 - ((6 - -8) + 3)?
-4
-11 + (6 - 24) + 16
-13
Calculate 0 - (-2 + -9) - 12 - (-25 - 3).
27
What is the value of -35 + (7 + 6 + -6 - -5)?
-23
What is the value of (1118 - 1082) + (-11 - 0)?
25
Evaluate -8 + 7 + (2 + 0 - (2 - 7)).
6
What is -3 - -1 - (-11 - -34) - (-1 + -4)?
-20
What is the value of (-3 - (-14 - -1)) + -13 + 5 + -7?
-5
Evaluate -10 + (-22 - 1 - (282 - 285)).
-30
What is the value of -16 - (-3 + (-46 - -15))?
18
Evaluate 16 + (-1 - (-4 + (0 - (-3 + 1)))).
17
Calculate 0 + 8 + -9 - 11.
-12
What is the value of 4 + 2 + -2 + 0 - (-5 + 0)?
9
-8 - (-33 + 17) - -6
14
Evaluate 0 + 